8956?
0
What is the tens digit of 180856241?
4
What is the hundred millions digit of 334932257?
3
What is the tens digit of 1585726436?
3
What is the units digit of 29840125?
5
What is the hundreds digit of 86942452?
4
What is the millions digit of 8325742?
8
What is the tens digit of 1236235204?
0
What is the hundred thousands digit of 1020428543?
4
What is the units digit of 335513?
3
What is the ten millions digit of 49610267?
4
What is the hundred thousands digit of 556965607?
9
What is the hundred thousands digit of 944575342?
5
What is the ten thousands digit of 133073117?
7
What is the tens digit of 2050777?
7
What is the millions digit of 1168706102?
8
What is the millions digit of 883253270?
3
What is the tens digit of 46518245?
4
What is the ten thousands digit of 18314696?
1
What is the hundreds digit of 274472409?
4
What is the hundred millions digit of 351054296?
3
What is the units digit of 9168943?
3
What is the hundred millions digit of 434328828?
4
What is the millions digit of 1708071350?
8
What is the millions digit of 169090045?
9
What is the units digit of 1995371736?
6
What is the millions digit of 54411904?
4
What is the hundreds digit of 424298177?
1
What is the ten millions digit of 1571641713?
7
What is the thousands digit of 1627169063?
9
What is the ten thousands digit of 758853987?
5
What is the hundred millions digit of 540669508?
5
What is the tens digit of 124329986?
8
What is the ten millions digit of 836953206?
3
What is the units digit of 80808860?
0
What is the hundred thousands digit of 1814708451?
7
What is the hundred thousands digit of 2590466756?
4
What is the hundreds digit of 13996958?
9
What is the millions digit of 2133480241?
3
What is the hundred thousands digit of 53428237?
4
What is the ten millions digit of 626886440?
2
What is the hundred millions digit of 539039263?
5
What is the thousands digit of 49391247?
1
What is the tens digit of 332922661?
6
What is the millions digit of 4462802493?
2
What is the tens digit of 317532423?
2
What is the tens digit of 749481482?
8
What is the thousands digit of 40580191?
0
What is the millions digit of 593715379?
3
What is the ten millions digit of 741507616?
4
What is the hundred millions digit of 605508685?
6
What is the ten millions digit of 199076395?
9
What is the hundreds digit of 1631529596?
5
What is the millions digit of 3048142?
3
What is the units digit of 66331127?
7
What is the millions digit of 1177680426?
7
What is the ten thousands digit of 59494687?
9
What is the hundreds digit of 221039944?
9
What is the tens digit of 4883835672?
7
What is the thousands digit of 10493650?
3
What is the tens digit of 2104138273?
7
What is the tens digit of 711837668?
6
What is the hundreds digit of 21510271?
2
What is the millions digit of 273567103?
3
What is the ten millions digit of 72432039?
7
What is the millions digit of 2572065164?
2
What is the tens digit of 53518648?
4
What is the ten millions digit of 172956082?
7
What is the hundred millions digit of 109543608?
1
What is the millions digit of 114770321?
4
What is the units digit of 3509704?
4
What is the ten thousands digit of 997054224?
5
What is the tens digit of 23236068?
6
What is the units digit of 52290255?
5
What is the millions digit of 9642952?
9
What is the ten millions digit of 188532717?
8
What is the ten thousands digit of 50228622?
2
What is the tens digit of 254748604?
0
What is the ten thousands digit of 1609555382?
5
What is the units digit of 1406186650?
0
What is the hundred thousands digit of 165798282?
7
What is the tens digit of 38176602?
0
What is the ten thousands digit of 635568397?
6
What is the millions digit of 78675798?
8
What is the millions digit of 117132749?
7
What is the tens digit of 73462382?
8
What is the millions digit of 599303616?
9
What is the thousands digit of 390611009?
1
What is the thousands digit of 1064341222?
1
What is the ten millions digit of 2711499185?
1
What is the hundred thousands digit of 6786734196?
7
What is the hundreds digit of 66055878?
8
What is the hundred millions digit of 408471910?
4
What is the ten thousands digit of 3584394?
8
What is the hundred thousands digit of 527578828?
5
What is the units digit of 1955223318?
8
What is the units digit of 99791361?
1
What is the thousands digit of 6451978?
1
What is the thousands digit of 1159376455?
6
What is the hundreds digit of 2799221663?
6
What is the thousands digit of 1133748863?
8
What is the hundreds digit of 28891689?
6
What is the tens digit of 4612146705?
0
What is the millions digit of 142779635?
2
What is the ten thousands digit of 39577544?
7
What is the ten millions digit of 546267109?
4
What is the ten thousands digit of 380564043?
6
What is the billions digit of 1086244513?
1
What is the tens digit of 15322533?
3
What is the ten thousands digit of 59614419?
1
What is the units digit of 533589845?
5
What is the millions digit of 877376916?
7
What is the hundreds digit of 211221732?
7
What is the tens digit of 33079622?
2
What is the billions digit of 2313259369?
2
What is the ten thousands digit of 46465503?
6
What is the ten thousands digit of 375204191?
0
What is the billions digit of 2066925296?
2
What is the ten thousands digit of 1957266646?
6
What is the ten millions digit of 97043665?
9
What is the hundred millions digit of 509411531?
5
What is the ten thousands digit of 71769097?
6
What is the hundred millions digit of 190966154?
1
What is the hundred millions digit of 1916597934?
9
What is the hundreds digit of 84336422?
4
What is the units digit of 989042259?
9
What is the tens digit of 540348456?
5
What is the units digit of 16034672?
2
What is the hundred thousands digit of 286037410?
0
What is the millions digit of 374345596?
4
What is the hundred thousands digit of 117766598?
7
What is the millions digit of 175048352?
5
What is the units digit of 141927876?
6
What is the hundred thousands digit of 714015796?
0
What is the ten millions digit of 2180731748?
8
What is the units digit of 1234762049?
9
What is the ten millions digit of 32608823?
3
What is the ten millions digit of 75284390?
7
What is the ten thousands digit of 80808480?
0
What is the tens digit of 3024604736?
3
What is the tens digit of 645255971?
7
What is the ten thousands digit of 1898674244?
7
What is the millions digit of 4694391824?
4
What is the ten thousands digit of 26880270?
8
What is the ten thousands digit of 69791976?
9
What is the ten thousands digit of 306367913?
6
What is the ten thousands digit of 171460432?
6
What is the millions digit of 649745380?
9
What is the hundred thousands digit of 118640817?
6
What is the thousands digit of 574852823?
2
What is the hundred thousands digit of 1848279?
8
What is the units digit of 1271973188?
8
What is the hundreds digit of 43706460?
4
What is the hundreds digit of 32702026?
0
What is the units digit of 36352315?
5
What is the units digit of 18202151?
1
What is the thousands digit of 773072904?
2
What is the hundred thousands digit of 49523988?
5
What is the hundreds digit of 63947154?
1
What is the hundred millions digit of 117943509?
1
What is the ten millions digit of 1205416975?
0
What is the ten millions digit of 2360529301?
6
What is the ten thousands digit of 156253513?
5
What is the ten millions digit of 130446058?
3
What is the ten millions digit of 384741804?
8
What is the thousands digit of 1528896380?
6
What is the units digit of 4596843275?
5
What is the hundreds digit of 137390647?
6
What is the tens digit of 122528746?
4
What is the units digit of 624822334?
4
What is the thousands digit of 2595039?
5
What is the ten millions digit of 311992462?
1
What is the ten thousands digit of 201924683?
2
What is the units digit of 658951075?
5
What is the units digit of 119219522?
2
What is the hundreds digit of 64496713?
7
What is the ten thousands digit of 216003042?
0
What is the units digit of 13816364?
4
What is the hundreds digit of 75205281?
2
What is the units digit of 232328372?
2
What is the ten thousands digit of 34843957?
4
What is the hundreds digit of 2159195334?
3
What is the hundred millions digit of 1769341845?
7
What is the hundreds digit of 155143033?
0
What is the hundreds digit of 60866731?
7
What is the u